1?
442
Calculate the remainder when 10036169 is divided by 5018079.
11
Calculate the remainder when 1700611 is divided by 174.
109
Calculate the remainder when 3040294 is divided by 292.
282
Calculate the remainder when 227642 is divided by 479.
117
What is the remainder when 3371074 is divided by 1123689?
7
What is the remainder when 3173994 is divided by 214?
160
Calculate the remainder when 3108826 is divided by 595.
546
Calculate the remainder when 13368608 is divided by 17.
12
Calculate the remainder when 4022674 is divided by 1332.
34
What is the remainder when 258855 is divided by 26?
25
Calculate the remainder when 384738 is divided by 382979.
1759
What is the remainder when 4832238 is divided by 5801?
5
What is the remainder when 38743017 is divided by 15?
12
Calculate the remainder when 27785 is divided by 1848.
65
What is the remainder when 902725 is divided by 112780?
485
What is the remainder when 52620 is divided by 1548?
1536
What is the remainder when 23912 is divided by 288?
8
What is the remainder when 30187748 is divided by 14?
10
Calculate the remainder when 1610723 is divided by 268453.
5
What is the remainder when 41324093 is divided by 421?
417
What is the remainder when 681912 is divided by 681847?
65
Calculate the remainder when 2739026 is divided by 94.
54
What is the remainder when 941125497 is divided by 2598?
2595
Calculate the remainder when 231763 is divided by 114332.
3099
What is the remainder when 800194 is divided by 799094?
1100
Calculate the remainder when 4048077 is divided by 1011966.
213
Calculate the remainder when 4763866 is divided by 884.
874
What is the remainder when 36114 is divided by 2568?
162
What is the remainder when 1175673 is divided by 391618?
819
What is the remainder when 1833681958 is divided by 40?
38
Calculate the remainder when 18213 is divided by 3135.
2538
Calculate the remainder when 3011798 is divided by 831.
254
What is the remainder when 1681870 is divided by 1546?
1368
Calculate the remainder when 53472 is divided by 96.
0
What is the remainder when 1148 is divided by 881?
267
Calculate the remainder when 7615823 is divided by 585821.
150
Calculate the remainder when 9597507 is divided by 2535.
2532
Calculate the remainder when 16609223 is divided by 244253.
19
Calculate the remainder when 1062990 is divided by 229.
201
What is the remainder when 27229 is divided by 2861?
1480
What is the remainder when 83250 is divided by 20512?
1202
Calculate the remainder when 2716958 is divided by 507.
452
What is the remainder when 139545 is divided by 15496?
81
What is the remainder when 191921 is divided by 95893?
135
What is the remainder when 3868104 is divided by 34?
26
What is the remainder when 10343643 is divided by 62?
59
What is the remainder when 327463 is divided by 95?
93
What is the remainder when 15691531 is divided by 2998?
2997
What is the remainder when 22209710 is divided by 729?
725
Calculate the remainder when 177647571 is divided by 7180.
11
Calculate the remainder when 456349 is divided by 1516.
33
What is the remainder when 2348785 is divided by 10?
5
What is the remainder when 103034123 is divided by 114?
11
Calculate the remainder when 249260 is divided by 9196.
968
Calculate the remainder when 1197578 is divided by 1076.
1066
Calculate the remainder when 3637946 is divided by 663.
65
Calculate the remainder when 77952101 is divided by 45.
41
What is the remainder when 2537605 is divided by 682?
565
Calculate the remainder when 5235995 is divided by 467.
458
Calculate the remainder when 791707 is divided by 1820.
7
Calculate the remainder when 83913 is divided by 20368.
2441
Calculate the remainder when 202336 is divided by 670.
666
What is the remainder when 109567962 is divided by 1243?
1241
What is the remainder when 2658780 is divided by 61?
34
Calculate the remainder when 433962 is divided by 216962.
38
What is the remainder when 10965205 is divided by 59?
55
Calculate the remainder when 129614 is divided by 9172.
1206
Calculate the remainder when 3411503 is divided by 738.
467
Calculate the remainder when 8364606 is divided by 643419.
159
Calculate the remainder when 921775 is divided by 306660.
1795
What is the remainder when 37734 is divided by 36518?
1216
Calculate the remainder when 5711187 is divided by 2855540.
107
Calculate the remainder when 242423 is divided by 65.
38
Calculate the remainder when 6368185 is divided by 63051.
34
Calculate the remainder when 1256232 is divided by 251237.
47
Calculate the remainder when 2088823 is divided by 696266.
25
Calculate the remainder when 4718135 is divided by 786346.
59
What is the remainder when 987762618 is divided by 2435?
2433
Calculate the remainder when 20272 is divided by 40.
32
What is the remainder when 3940451 is divided by 157617?
26
What is the remainder when 229360 is divided by 20848?
32
What is the remainder when 5635280 is divided by 78?
14
Calculate the remainder when 7494107 is divided by 8714.
67
What is the remainder when 65857093 is divided by 113?
15
Calculate the remainder when 1984075 is divided by 1201.
23
Calculate the remainder when 26874069 is divided by 139969.
21
What is the remainder when 20433257 is divided by 2554148?
73
Calculate the remainder when 1695746 is divided by 399.
395
Calculate the remainder when 214495 is divided by 50.
45
What is the remainder when 578718 is divided by 96352?
606
Calculate the remainder when 42727 is divided by 13343.
2698
What is the remainder when 655456235 is divided by 1758?
1757
What is the remainder when 21884089 is divided by 3026?
57
Calculate the remainder when 6210120 is divided by 40855.
160
What is the remainder when 62786 is divided by 388?
318
Calculate the remainder when 3657127 is divided by 2182.
95
What is the remainder when 1431060 is divided by 127?
24
What is the remainder when 264503311 is divided by 40?
31
What is the remainder when 153091919 is divided by 311?
303
Calculate the remainder when 1304 is divided by 1198.
106
Calculate the remainder when 1588002 is divided by 24.
18
What is the remainder when 2386333 is divided by 4494?
19
Calculate the remainder when 186608 is divided by 1510.
878
Calculate the remainder when 545682 is divided by 1378.
1372
Calculate the remainder when 33515464 is divided by 5548.
5544
Calculate the remainder when 781352 is divided by 124.
28
Calculate the remainder when 5711582 is divided by 862.
832
Calculate the remainder when 88632476 is divided by 22158112.
28
Calculate the remainder when 54502 is divided by 2386.
2010
What is the remainder when 27926 is divided by 2142?
80
Calculate the remainder when 1037910 is divided by 345970.
0
Calculate the remainder when 3807865 is divided by 543965.
110
What is the remainder when 494011 is divided by 14?
7
Calculate the remainder when 1341268 is divided by 535.
23
Calculate the remainder when 424223 is divided by 3253.
1333
Calculate the remainder when 22719043 is divided by 3541.
3528
What is the remainder when 204720708 is divided by 201?
198
Calculate the remainder when 2533887 is divided by 2175.
12
What is the remainder when 13676 is divided by 3798?
2282
Calculate the remainder when 690626 is divided by 10464.
2
What is the remainder when 257347 is divided by 389?
218
Calculate the remainder when 1953605 is divided by 1843.
25
Calculate the remainder when 66701249 is divided by 726.
725
What is the remainder when 4993573 is divided by 936?
13
Calculate the remainder when 25078402 is divided by 988.
986
Calculate the remainder when 5648922 is divided by 2548.
6
Calculate the remainder when 1650204 is divided by 376.
316
Calculate the remainder when 11181 is divided by 11176.
5
What is the remainder when 10200666 is divided by 4150?
4116
Calculate the remainder when 19828931 is divided by 196.
3
What is the remainder when 952172 is divided by 2005?
1802
What is the remainder when 893513 is divided by 111683?
49
Calculate the remainder when 25865 is divided by 3676.
133
Calculate the remainder when 103599 is divided by 297.
243
What is the remainder when 2019907 is divided by 1967?
1765
Calculate the remainder when 1316576 is divided by 263248.
336
Calculate the remainder when 99718 is divided by 49789.
140
What is the remainder when 990